- 5*g**4/24 + g**3/2 - 140*g**2. What is l(-3)?
9
Let v(u) be the second derivative of 0 - 1/20*u**5 - 1/3*u**3 - 12*u - 3/4*u**4 - u**2. Give v(-9).
16
Let w(f) = -214 + 4*f**2 - 6*f + 2*f**2 + 102 - f**3 + 110. Calculate w(4).
6
Let x(c) = 2*c - 30*c**2 + 29*c**2 - 8*c + 9 - 15 - c. Let m(s) = s**2 + s - 6. Let i be m(0). Determine x(i).
0
Let m(z) = z**3 + 9*z**2 + 7*z - 5. Let a be m(-8). Suppose -2*g + g = -a. Let u(j) = -4 + 5 + g*j**2 + 0*j + j - 2. Calculate u(2).
13
Let m(r) = r + 2. Let q(p) = -2*p**2 + 2*p + 1. Let v(i) = m(i) - q(i). Calculate v(2).
7
Let t(h) be the second derivative of h**5/20 - h**4/3 + h**3/3 + h. Let v(d) = -d**3 - 13*d**2 - 11*d - 347. Let q be v(-14). What is t(q)?
-3
Let b(v) be the second derivative of -v**5/20 - 5*v**4/12 + 7*v**3/3 + 3*v**2 + 409*v. What is b(-7)?
6
Suppose 0 = -6*b - 2 - 10. Let o(n) = 4*n**3 - 3*n**2 + 2*n + 5. Let m(d) = 7*d**3 - 5*d**2 + 3*d + 9. Let y = 1 - -4. Let w(j) = y*o(j) - 3*m(j). Give w(b).
4
Suppose -75*q - 35 = -70*q + 5*a, 4*q - 2*a = 2. Let i(x) = -19*x - 2. Let y(o) = 10*o + 1. Let d(f) = -4*i(f) - 7*y(f). Calculate d(q).
-11
Let m(h) be the first derivative of -14 + 0*h + 1/2*h**2. Calculate m(8).
8
Let r = -17 + 28. Let q(n) = 23*n - 16 + 18*n - 40*n. Give q(r).
-5
Let r(j) = 26*j + 4. Let h(n) = 2. Let o(z) = 2*h(z) - r(z). What is o(-1)?
26
Let s(t) = 19*t**2 + 2*t + 2. Suppose 2*d = -10, 4*p - 5*d - 22 = p. Calculate s(p).
19
Let w(y) = -4*y + 1. Suppose -k + 2 - 5 = 0. Let j(n) = -11*n + 2. Let s(c) = k*j(c) + 8*w(c). What is s(6)?
8
Suppose -3*u + 20 = 2*u. Let w(a) = -3 - 4*a + 6*a**2 - a + 2 + a - a**3. What is w(u)?
15
Let k(w) = 3*w**2 - 9*w + 9. Let c(f) = f**2 - 4*f + 4. Let n(p) = -5*c(p) + 2*k(p). Let b = -6 - -3. Determine n(b).
1
Let k(q) = -8 + 4*q - 8*q**2 - 14*q**2 + 26*q**2 + 5*q**3 + 0*q**3. Let c(h) = 4*h**3 + 5*h**2 + 3*h - 7. Let f(j) = 4*c(j) - 3*k(j). What is f(-8)?
-4
Let a(t) = t - 8. Let r be -1 + (-76)/(-84) - 128/(-21). Calculate a(r).
-2
Let u(b) be the third derivative of 1/12*b**4 + 0*b + 1/6*b**3 - 1/15*b**6 + 0 + 1/30*b**5 - 4*b**2. Determine u(-1).
9
Let y(q) = -q. Let z(s) be the first derivative of -s**3/3 + 13*s**2/2 - 9*s - 12. Let g be z(12). Determine y(g).
-3
Suppose -2*u = -4*n + 53 - 29, -5*n - 2*u = -21. Let d(t) = -t**3 + 6*t**2 - 4*t + 1. Give d(n).
6
Let r(u) = -u + 17. Let j be r(12). Let t(g) = 4*g**3 - 5*g**2 + 4*g - 2. Let h(n) = -n**3 - n + 1. Let d(w) = 3*h(w) + t(w). Calculate d(j).
6
Let x be 12/(-21) - (-99)/63. Let b(n) = -2*n - 1. Let d(p) = -7*p + 1. Let s(i) = x*d(i) - 3*b(i). Calculate s(3).
1
Suppose 0 = 79*s + 5 - 242. Let u(n) = -n**3 + 3*n**2 + n + 1. Determine u(s).
4
Let j(x) be the second derivative of -7*x**4/12 - x**3/2 + x**2/2 - 65*x + 1. Calculate j(2).
-33
Let i = -23 + 36. Let y = i + -13. Suppose -v + 0*v - 6 = y. Let p(n) = -n**3 - 6*n**2 - n - 6. Give p(v).
0
Let x = -12 + 21. Let z = x + -12. Let b(f) = f**3 + 3*f**2 + 1. What is b(z)?
1
Let s(j) be the second derivative of -j**8/6720 - j**7/630 - j**5/60 + 23*j**4/12 + 21*j. Let z(a) be the third derivative of s(a). Calculate z(-3).
-11
Let z(c) be the first derivative of c**4/4 + c**3/3 - c**2/2 + c - 207. Determine z(-2).
-1
Let m(t) = -t**2 + 3*t - 2. Let r = -121 + 179. Let p = r + -56. Calculate m(p).
0
Let w(k) = k - 1. Let t(r) = -r**2 - 10*r - 20. Let c be t(-6). Let m(o) = c + 7*o**2 - o + 8 - 14. Let a be m(-1). Determine w(a).
5
Let c(l) = 2*l**2 - 5*l - 1. Let k(f) = f**2 + f - 1. Let v(x) = -c(x) + 3*k(x). Suppose -2*g - 3*g + 160 = 0. Let a = -39 + g. What is v(a)?
-9
Let u(n) = -57*n**3 - 14*n**2 + 4*n + 27. Let w(t) = 14*t**3 + 3*t**2 - t - 6. Let p(r) = -2*u(r) - 9*w(r). Determine p(-1).
12
Let v(h) = -7*h**3 + 8*h**2 - 15*h + 27. Let c(i) = 4*i**3 - 4*i**2 + 8*i - 15. Let s(u) = 5*c(u) + 3*v(u). Calculate s(3).
0
Let z(m) be the second derivative of -7*m**3/3 + 5*m. Suppose 4*a - 4 = 8. Suppose -a*s = 8 - 5. Give z(s).
14
Suppose 0*f - 2*d + 20 = 2*f, 0 = 2*d - 4. Let r(c) = 5*c - 4 - 6*c**2 - f*c**2 + 17*c**2 - c**3. Determine r(4).
0
Let c be 1 - 2*(2 - 3). Let l(g) be the third derivative of -g**6/360 - g**4/3 + 5*g**2. Let y(v) be the second derivative of l(v). Give y(c).
-6
Let r(c) = 7*c**2 + 11*c + 5. Let v(h) = -15*h**2 - 22*h - 11. Let x(w) = -13*r(w) - 6*v(w). Let p be ((-33)/6)/(1/2). Calculate x(p).
1
Let u(n) = -5*n - 2. Let z be 8/(-3) - (2 - (-72)/(-27)). What is u(z)?
8
Suppose -45*l - 15 = -48*l. Let s(p) be the second derivative of p**4/12 - 2*p**3/3 - 3*p. Determine s(l).
5
Let f = -32 + 20. Let x be f/5 + 22/55. Let d(p) = 2*p**2 - p. Calculate d(x).
10
Let s(b) = -b**3 - b**2 + 4*b + 3. Suppose 3 = -d + 5*m, -2*d + 5*m = 6 - 0. Let o be d*((-64)/12)/(-8). Determine s(o).
-1
Let j(f) be the second derivative of f**5/20 + 2*f**4/3 + f**3 - 3*f**2/2 + 33*f - 2. Give j(-5).
42
Suppose 1 = w - 4*q + 9, 2*w - 5 = q. Let i(y) = -4*y + 3 + 0*y - 2*y + 5*y**2 - y**3. Let s be i(w). Let n(h) = -h**2 - 4*h - 2. Calculate n(s).
-7
Let m(i) = 3*i + 1. Let c = 134 + -130. Give m(c).
13
Let b(n) = n - 4. Let i(h) = -h + 3. Let o(z) = 2*z - 5. Let j(w) = 5*i(w) + 2*o(w). Let k(m) = -3*b(m) - 2*j(m). Give k(-6).
8
Suppose -5*n = -0*n + 15. Let y be 9*n/(-18)*2. Let i(s) = 2*s**3 - 4*s**2 - 4. Give i(y).
14
Let m(a) = 5*a**2 + a. Let o be (-1)/((-86)/(-29) - 3). Let j = 12 - o. Let n = j + 18. Give m(n).
6
Let s be ((-59)/(-295))/((-1)/(-25)). Let j(f) = f**2 - 31. Calculate j(s).
-6
Let z be (-2)/(-11) + 4/(-22). Let n(v) be the third derivative of 5/6*v**3 + 0 - 5*v**2 + z*v + 1/24*v**4. Determine n(-6).
-1
Let r(j) = -j**2 + 6*j - 5. Let o(i) = -i**2 - 2*i + 6. Let c be o(-2). Give r(c).
-5
Suppose -w + 1 + 1 = 0. Let n(b) = 5*b**w + 0*b**2 - 2 - b**2. Determine n(2).
14
Suppose 4*s - 31 = -4*c - 23, -s + 22 = 5*c. Let z(h) = -2*h**2 + 6*h + 1. Calculate z(c).
-19
Suppose 1473*w + 36 = 1485*w. Let q(v) = -6*v + 7. Calculate q(w).
-11
Let j be 7 - 4/2 - 1. Suppose -4*s = 8 + j. Let z(l) be the second derivative of -l**4/6 - l**3/2 + 3*l**2/2 + 12*l. Determine z(s).
-6
Let q(k) = 266 - 130 - 5*k**2 + 2*k - k**3 - 132. What is q(-5)?
-6
Let i(f) = 4*f**2 + 3. Let q(v) = -3*v**2 + v - 2. Let s(y) = 4*i(y) + 5*q(y). Give s(-7).
16
Let t(l) = -l**3 + 5*l**2 + 10*l - 7. Suppose -3*z = -0*z - 18. Let a = 3 - 8. Let h(g) = -g**3 + 4*g**2 + 9*g - 6. Let r(w) = a*t(w) + z*h(w). What is r(-3)?
5
Let o(w) = -5 + 3 - 2 - 6 - w. Determine o(-16).
6
Let a = -2 + 6. Suppose -s + 3 = -1. Suppose -s*j + 8 = a. Let h(k) = k + 1. What is h(j)?
2
Let w(l) be the second derivative of -l + l**2 + 0 - 1/24*l**4 + 3/2*l**3. Let d(n) be the first derivative of w(n). What is d(0)?
9
Let t(q) = -q. Let y(h) be the second derivative of h**4/12 + 5*h**3/2 + 11*h. Let u be y(-15). Calculate t(u).
0
Let t(p) = 4*p**2 - 1. Let q be 0/7*2*3/6. Suppose -5*w + 4*o + 9 = q, -4*w - o + 1 = 2*o. Give t(w).
3
Let r(f) = -2*f + 7. Let w(p) = 4*p - 8. Let x(q) = 4*r(q) + 3*w(q). Determine x(-4).
-12
Let m(z) be the second derivative of -z**4/12 + 7*z**3/6 - 4*z. Suppose 4*j + 9 = j. Let t be (1/j)/(1/(-18)). Calculate m(t).
6
Let m = -905 - -5431/6. Let w(d) be the second derivative of -2*d + m*d**3 + 0 + 1/2*d**2. Calculate w(-8).
-7
Let f(k) be the third derivative of k**8/20160 - k**7/720 + k**6/90 + k**5/6 - 23*k**2. Let i(x) be the third derivative of f(x). Let q = -9 - -15. Give i(q).
2
Let w be -3 - -2 - (-3 + 0). Suppose 0*f - w*f + 4 = 0. Let u(l) = -926*l**2 + 3*l**3 - 2*l**3 - 2*l + 3 + 924*l**2. Give u(f).
-1
Let l be (-4 - (3 + 6*-1)) + 3. Let d(a) be the first derivative of a**2/2 - 3*a - 3. Determine d(l).
-1
Suppose -2*h + 21 = 7. Suppose -2*s + 4*r - 18 = -h*s, -2*s = -3*r + 2. Suppose 1 = s*v - 1. Let z(i) = -i**3 - i. Give z(v).
-2
Let f(p) be the third derivative of p**6/120 + p**5/10 - p**4/4 + p**3/6 - p**2. Suppose 4 = -4*x - 80. Let r = x - -14. Calculate f(r).
-6
Let f(w) = -w**3 + 3*w**2 + 12*w - 16. Let g = -281 - -286. Give f(g).
-6
Let o be 3 - -23 - ((-1 - -1) + -1). Suppose -5*t = -2*f + o, -t - 3 = 2*f - 0*t. Let l(z) = 2*z**3 - z**2 + 2*z - 1. Give l(f).
2
Let r be (-6 - 2 - -14) + -11. Let a(p) = p**2 + 5*p - 5. Calculate a(r).
-5
Let g(w) = -2*w + 9. Let n = 4 + 7. Calculate g(n).
-13
Let q(d) = d**3 + 10*d**2 - 4*d